{"id":489,"date":"2020-10-27T12:23:10","date_gmt":"2020-10-27T17:23:10","guid":{"rendered":"http:\/\/www.lebuvard.ca\/?post_type=product&#038;p=489"},"modified":"2021-09-10T01:53:59","modified_gmt":"2021-09-10T06:53:59","slug":"ensemble","status":"publish","type":"product","link":"https:\/\/www.lebuvard.ca\/?product=ensemble","title":{"rendered":"Ensemble"},"content":{"rendered":"<p>Ensemble se veut une r\u00e9flexion sur le commun, le nous.<br \/>\nComment est-il possible, dans ce monde o\u00f9 l\u2019\u00e9go semble primer sur tout, de composer un environnement o\u00f9 seraient mises de l\u2019avant davantage de valeurs de partage ?<br \/>\nCe livre a \u00e9t\u00e9 cr\u00e9\u00e9 lors de trois ateliers d\u2019\u00e9criture propos\u00e9s \u00e0 Augan et Guillac les 9 et 10 avril 2019.<\/p>\n","protected":false},"excerpt":{"rendered":"<p class=\"has-text-align-right\" style=\"text-align: left;\"><strong>Collectif :<\/strong> Claire Aubert, Agathe Couillard, Chantal Delage, Didier Desmousseaux, Pauline Gonzalo, Kape, Herv\u00e9 Krieff, Patrick Le Coze, Marc Loret, Henri-George Madeleine, Marion, Henri-Pierre Thouzeau, Brigitte Plisson, Sol\u00e8ne, Yoann Crieur, Manon Ruel, Michel V\u00e9zina.<\/p>\n<p style=\"text-align: left;\">40 p. &#8211; Rions (35) &#8211; Troisi\u00e8me impression, 2021<\/p>\n","protected":false},"featured_media":407,"template":"","meta":[],"product_brand":[],"product_cat":[82],"product_tag":[],"class_list":{"0":"post-489","1":"product","2":"type-product","3":"status-publish","4":"has-post-thumbnail","6":"product_cat-in-situ","7":"product_shipping_class-formats-moyens","9":"first","10":"instock","11":"purchasable","12":"product-type-simple"},"_links":{"self":[{"href":"https:\/\/www.lebuvard.ca\/index.php?rest_route=\/wp\/v2\/product\/489","targetHints":{"allow":["GET"]}}],"collection":[{"href":"https:\/\/www.lebuvard.ca\/index.php?rest_route=\/wp\/v2\/product"}],"about":[{"href":"https:\/\/www.lebuvard.ca\/index.php?rest_route=\/wp\/v2\/types\/product"}],"wp:featuredmedia":[{"embeddable":true,"href":"https:\/\/www.lebuvard.ca\/index.php?rest_route=\/wp\/v2\/media\/407"}],"wp:attachment":[{"href":"https:\/\/www.lebuvard.ca\/index.php?rest_route=%2Fwp%2Fv2%2Fmedia&parent=489"}],"wp:term":[{"taxonomy":"product_brand","embeddable":true,"href":"https:\/\/www.lebuvard.ca\/index.php?rest_route=%2Fwp%2Fv2%2Fproduct_brand&post=489"},{"taxonomy":"product_cat","embeddable":true,"href":"https:\/\/www.lebuvard.ca\/index.php?rest_route=%2Fwp%2Fv2%2Fproduct_cat&post=489"},{"taxonomy":"product_tag","embeddable":true,"href":"https:\/\/www.lebuvard.ca\/index.php?rest_route=%2Fwp%2Fv2%2Fproduct_tag&post=489"}],"curies":[{"name":"wp","href":"https:\/\/api.w.org\/{rel}","templated":true}]}}