{"id":545,"date":"2020-11-03T10:03:48","date_gmt":"2020-11-03T15:03:48","guid":{"rendered":"http:\/\/www.lebuvard.ca\/?post_type=product&#038;p=545"},"modified":"2021-09-10T00:59:06","modified_gmt":"2021-09-10T05:59:06","slug":"experience-de-microedition-dans-une-ancienne-boucherie-devenue-halte-du-patrimoine","status":"publish","type":"product","link":"https:\/\/www.lebuvard.ca\/?product=experience-de-microedition-dans-une-ancienne-boucherie-devenue-halte-du-patrimoine","title":{"rendered":"Exp\u00e9rience de micro\u00e9dition dans une ancienne boucherie devenue halte du patrimoine"},"content":{"rendered":"<p style=\"text-align: left;\">Ce livre a \u00e9t\u00e9 r\u00e9alis\u00e9 dans le cadre d\u2019une exp\u00e9rience de micro\u00e9dition In Situ entre le 4 et le 10 juillet 2018 au Bic (Qu\u00e9bec). Po\u00e8mes, r\u00e9cits, sc\u00e9narios, nouvelles, photos, dessins, photogrammes, partitions, peintures : pendant cette br\u00e8ve p\u00e9riode, les participant.e.s ont pu produire, \u00e9diter, mettre en page, imprimer, fabriquer, puis lancer ce livre le 10 juillet \u00e0 la Halte du Patrimoine du Bic, accompagn\u00e9s des musiciens Alexandre Robichaud et Robin Servant.<br \/>\nNous esp\u00e9rons que la lecture de cet ouvrage vous ravira autant que nous avons \u00e9t\u00e9 ravi de le cr\u00e9er.<\/p>\n","protected":false},"excerpt":{"rendered":"<p style=\"text-align: left;\" align=\"left\"><strong>Collectif\u00a0<\/strong>: \u00c8ve D\u2019amours, Claudine\u00a0 Desrosiers, Annie Landreville,\u00a0 Thomy Laporte, No\u00e9mie Piuze,\u00a0 Marie-Christine Plourde,\u00a0 Robin Servant\u00a0et Michel V\u00e9zina.<\/p>\n<p style=\"text-align: left;\" align=\"left\">48 p. &#8211; Liffr\u00e9 (35) &#8211; Deuxi\u00e8me impression, 2020<\/p>\n","protected":false},"featured_media":546,"template":"","meta":[],"product_brand":[],"product_cat":[82],"product_tag":[],"class_list":{"0":"post-545","1":"product","2":"type-product","3":"status-publish","4":"has-post-thumbnail","6":"product_cat-in-situ","7":"product_shipping_class-formats-moyens","9":"first","10":"instock","11":"purchasable","12":"product-type-simple"},"_links":{"self":[{"href":"https:\/\/www.lebuvard.ca\/index.php?rest_route=\/wp\/v2\/product\/545","targetHints":{"allow":["GET"]}}],"collection":[{"href":"https:\/\/www.lebuvard.ca\/index.php?rest_route=\/wp\/v2\/product"}],"about":[{"href":"https:\/\/www.lebuvard.ca\/index.php?rest_route=\/wp\/v2\/types\/product"}],"wp:featuredmedia":[{"embeddable":true,"href":"https:\/\/www.lebuvard.ca\/index.php?rest_route=\/wp\/v2\/media\/546"}],"wp:attachment":[{"href":"https:\/\/www.lebuvard.ca\/index.php?rest_route=%2Fwp%2Fv2%2Fmedia&parent=545"}],"wp:term":[{"taxonomy":"product_brand","embeddable":true,"href":"https:\/\/www.lebuvard.ca\/index.php?rest_route=%2Fwp%2Fv2%2Fproduct_brand&post=545"},{"taxonomy":"product_cat","embeddable":true,"href":"https:\/\/www.lebuvard.ca\/index.php?rest_route=%2Fwp%2Fv2%2Fproduct_cat&post=545"},{"taxonomy":"product_tag","embeddable":true,"href":"https:\/\/www.lebuvard.ca\/index.php?rest_route=%2Fwp%2Fv2%2Fproduct_tag&post=545"}],"curies":[{"name":"wp","href":"https:\/\/api.w.org\/{rel}","templated":true}]}}